2, 5, 23, 38747
List the prime factors of 14160651.
3, 67, 70451
What are the prime factors of 294518768?
2, 3733, 4931
What are the prime factors of 72289036?
2, 18072259
What are the prime factors of 113704883?
113704883
List the prime factors of 156098131.
7, 17, 1311749
List the prime factors of 775398906.
2, 3, 67, 23813
List the prime factors of 12788889.
3, 83, 51361
List the prime factors of 43238551.
23, 1879937
List the prime factors of 172428017.
172428017
What are the prime factors of 1010172552?
2, 3, 42090523
List the prime factors of 243346919.
151, 439, 3671
List the prime factors of 261883059.
3, 87294353
What are the prime factors of 5707489919?
1531, 3727949
List the prime factors of 49524036.
2, 3, 4127003
List the prime factors of 53764398.
2, 3, 79, 4201
List the prime factors of 22342590.
2, 3, 5, 17, 859
List the prime factors of 4963701337.
7, 709100191
What are the prime factors of 1124859?
3, 374953
What are the prime factors of 6395272213?
11, 643, 904181
What are the prime factors of 149435470?
2, 5, 14943547
List the prime factors of 2544317284.
2, 19, 37, 659, 1373
What are the prime factors of 859303876?
2, 5099, 42131
What are the prime factors of 14925273?
3, 11, 47, 9623
List the prime factors of 1467352310.
2, 5, 3469, 42299
What are the prime factors of 246299941?
246299941
What are the prime factors of 11950864?
2, 17, 53, 829
What are the prime factors of 894119?
894119
List the prime factors of 309035911.
17, 18178583
What are the prime factors of 857815427?
7, 17, 7208533
List the prime factors of 3105822070.
2, 5, 13, 23890939
List the prime factors of 3762897543.
3, 23, 163, 229, 487
What are the prime factors of 13487591?
13, 23, 79, 571
List the prime factors of 219490585.
5, 3847, 11411
List the prime factors of 59271570.
2, 3, 5, 658573
List the prime factors of 547492615.
5, 109498523
What are the prime factors of 308073159?
3, 1777, 6421
List the prime factors of 1207805986.
2, 603902993
What are the prime factors of 266503320?
2, 3, 5, 740287
What are the prime factors of 79052438?
2, 2957, 13367
List the prime factors of 28603444.
2, 23, 73, 4259
What are the prime factors of 1164121278?
2, 3, 194020213
What are the prime factors of 1333851871?
11, 1511, 80251
List the prime factors of 967975282.
2, 29, 16689229
List the prime factors of 1123087730.
2, 5, 971, 115663
List the prime factors of 760089899.
31, 24519029
What are the prime factors of 176943083?
13291, 13313
What are the prime factors of 419536968?
2, 3, 29, 457, 1319
List the prime factors of 2170602238.
2, 7, 41, 109, 34693
What are the prime factors of 219919875?
3, 5, 7, 199, 421
List the prime factors of 2542985.
5, 67, 7591
List the prime factors of 170232677.
170232677
List the prime factors of 26075187.
3, 331, 8753
List the prime factors of 106968000.
2, 3, 5, 4457
List the prime factors of 1429017644.
2, 357254411
What are the prime factors of 50822372?
2, 151, 84143
What are the prime factors of 2988466078?
2, 13, 823, 139661
What are the prime factors of 2200543272?
2, 3, 30563101
What are the prime factors of 103600809?
3, 13, 23, 41, 313
What are the prime factors of 68391579?
3, 22797193
List the prime factors of 851349344.
2, 4289, 6203
List the prime factors of 89303340.
2, 3, 5, 7, 212627
List the prime factors of 396440256.
2, 3, 2064793
What are the prime factors of 34658470?
2, 5, 7, 11, 19, 23, 103
What are the prime factors of 223899537?
3, 17, 433, 10139
What are the prime factors of 2811726177?
3, 13, 83, 109, 613
List the prime factors of 140531490.
2, 3, 5, 11, 47317
List the prime factors of 73857460.
2, 5, 3692873
What are the prime factors of 22479424?
2, 11, 37, 863
List the prime factors of 3728977595.
5, 7, 8443, 12619
What are the prime factors of 60361148?
2, 109, 167, 829
What are the prime factors of 58068219?
3, 11, 1759643
List the prime factors of 2895697176.
2, 3, 17, 7097297
List the prime factors of 1106917289.
4201, 263489
List the prime factors of 25517616.
2, 3, 47, 11311
List the prime factors of 10645349.
11, 13, 17, 29, 151
What are the prime factors of 43283526?
2, 3, 11, 13, 61, 827
List the prime factors of 71533867.
6073, 11779
List the prime factors of 38369117.
29, 1323073
List the prime factors of 325803899.
325803899
List the prime factors of 805087525.
5, 11, 2927591
List the prime factors of 348705180.
2, 3, 5, 839, 2309
What are the prime factors of 1739039836?
2, 3049, 142591
List the prime factors of 29383112.
2, 11, 379, 881
List the prime factors of 751993766.
2, 375996883
What are the prime factors of 2048748183?
3, 17, 199, 67289
List the prime factors of 2218945070.
2, 5, 221894507
List the prime factors of 349464288.
2, 3, 251, 14503
List the prime factors of 179323723.
2963, 60521
List the prime factors of 65503318.
2, 241, 135899
List the prime factors of 483729961.
11, 13, 251, 13477
List the prime factors of 370037870.
2, 5, 2879, 12853
List the prime factors of 42242675.
5, 1689707
What are the prime factors of 2092407082?
2, 1046203541
What are the prime factors of 4469889?
3, 23, 64781
List the prime factors of 303458068.
2, 75864517
What are the prime factors of 45855147?
3, 13, 157, 7489
List the prime factors of 401381690.
2, 5, 40138169
List the prime factors of 99490965.
3, 5, 7, 37, 25609
List the prime factors of 1405610714.
2, 71, 9898667
List the prime factors of 1025261571.
3, 311, 643, 1709
List the prime factors of 1644224693.
113, 14550661
What are the prime factors of 805055727?
3, 7, 227, 281, 601
List the prime factors of 51411463.
23, 37, 60413
What are the prime factors of 19276541?
109, 176849
List the prime factors of 3128933224.
2, 19, 20585087
What are the prime factors of 22629549?
3, 7543183
List the prime factors of 288321147.
3, 1109, 9629
List the prime factors of 3529086678.
2, 3, 13, 17, 109, 2713
What are the prime factors of 492171477?
3, 7, 23436737
What are the prime factors of 423465627?
3, 13, 23, 29, 73, 223
List the prime factors of 17141361.
3, 5713787
List the prime factors of 347447886.
2, 3, 57907981
List the prime factors of 235371789.
3, 103, 253907
List the prime factors of 27854278.
2, 727, 19157
What are the prime factors of 2054626299?
3, 11, 3541, 5861
What are the prime factors of 188266538?
2, 1669, 56401
What are the prime factors of 628459690?
2, 5, 53, 601, 1973
What are the prime factors of 382595734?
2, 191297867
What are the prime factors of 7822217247?
3, 13, 43, 191, 24421
List the prime factors of 553937316.
2, 3, 17, 797, 3407
List the prime factors of 1763829217.
157, 11234581
List the prime factors of 130468991.
19, 6866789
List the prime factors of 560401700.
2, 5, 109, 51413
List the prime factors of 116867362.
2, 5333, 10957
What are the prime factors of 631291972?
2, 157822993
What are the prime factors of 80452570?
2, 5, 11, 43, 73, 233
List the prime factors of 179661672.
2, 3, 41, 20287
What are the prime factors of 71165955?
3, 5, 7, 41, 61, 271
List the prime factors of 52463143.
457, 114799
What are the prime factors of 404560825?
5, 19, 103, 8269
What are the prime factors of 70466596?
2, 31, 568279
List the prime factors of 55354885.
5, 19, 89, 6547
List the prime factors of 118513320.
2, 3, 5, 47, 21013
What are the prime factors of 807229839?
3, 13, 19, 73, 14923
List the prime factors of 1780303909.
887, 2007107
List the prime factors of 123760925.
5, 601, 8237
What are the prime factors of 156330130?
2, 5, 11, 17, 41, 2039
What are the prime factors of 3177089887?
163, 929, 20981
List the prime factors of 12326193.
3, 11, 19, 6553
List the prime factors of 6204233.
7, 53, 2389
List the prime factors of 1033587048.
2, 3, 13, 83, 167, 239
List the prime factors of 2318283011.
11, 210753001
What are the prime factors of 17622777?
3, 439, 13381
What are the prime factors of 4684208491?
19, 246537289
List the prime factors of 8049391679.
7, 1149913097
List the prime factors of 2392928815.
5, 6871, 69653
What are the prime factors of 2173321020?
2, 3, 5, 13, 1021, 2729
What are the prime factors of 1175074763?
1601, 733963
List the prime factors of 1109262678.
2, 3, 71, 191, 13633
List the prime factors of 50982636.
2, 3, 4248553
What are the prime factors of 1011960596?
2, 19, 13315